{"id":6,"date":"2021-08-13T12:45:07","date_gmt":"2021-08-13T10:45:07","guid":{"rendered":"http:\/\/46.246.38.222\/?page_id=6"},"modified":"2026-02-28T16:17:01","modified_gmt":"2026-02-28T15:17:01","slug":"om","status":"publish","type":"page","link":"https:\/\/sanktmanslyckan.se\/?page_id=6","title":{"rendered":"Om f\u00f6reningen"},"content":{"rendered":"\n<p><strong>Kolonif\u00f6reningen S:t M\u00e5nslyckan<\/strong> best\u00e5r av 95 lotter (85 p\u00e5 cirka 120 kvadratmeter, samt 10 som har lite mer \u00e4n den dubbla arealen). Koloniomr\u00e5det har funnits sedan 1907 och \u00e4r bel\u00e4get n\u00e5gra hundra meter fr\u00e5n Lunds stadsk\u00e4rna, mellan Lunds Centralstation och Sparbanken Sk\u00e5ne Arena, med n\u00e4rhet till Stadsparken.<\/p>\n\n\n\n<figure class=\"wp-block-image alignwide size-large\"><img decoding=\"async\" src=\"https:\/\/sanktmanslyckan.se\/wp-content\/uploads\/2021\/08\/st-manslyckan-oversiktsbild.png\" alt=\"\"\/><\/figure>\n\n\n\n<p>Ett f\u00f6reningshus (Paviljongen), tv\u00e5 f\u00f6rr\u00e5dsbyggnader samt tv\u00e5 toaletter finns inom koloniomr\u00e5det. Den gamla cigarrkiosken fr\u00e5n 1907 \u00e4r ocks\u00e5 en del av omr\u00e5det och utg\u00f6r nu en ekobas f\u00f6r koloniverksamhet. Tanken \u00e4r att denna kolonilott skall vara en inspirationsk\u00e4lla.<\/p>\n\n\n\n<p>Vegetationen i omr\u00e5det \u00e4r mycket varierad och utg\u00f6r en artrik milj\u00f6 f\u00f6r s\u00e5v\u00e4l odlade v\u00e4xter som djur. M\u00e5nga \u00e4ldre former av odlade v\u00e4xter finns bevarade i de \u00e4ldre kolonilotterna och det \u00e4r kulturhistoriskt viktigt att dessa kan bevaras.<\/p>\n\n\n\n<div style=\"height:10px\" aria-hidden=\"true\" class=\"wp-block-spacer\"><\/div>\n\n\n\n<h4 class=\"wp-block-heading\">Bes\u00f6ksadress<\/h4>\n\n\n\n<p>S:t M\u00e5nslyckans koloniomr\u00e5de, 222 30 Lund<\/p>\n\n\n\n<ul class=\"wp-block-list\">\n<li><strong>M\u00f6llegatan 7<\/strong> (Grinden mittemot Hedda)<\/li>\n\n\n\n<li><strong>R\u00e5dmansgatan 15<\/strong> (Grinden vid Polhemskolan)<\/li>\n<\/ul>\n\n\n\n<div class=\"wp-block-columns is-layout-flex wp-container-core-columns-is-layout-9d6595d7 wp-block-columns-is-layout-flex\">\n<div class=\"wp-block-column is-layout-flow wp-block-column-is-layout-flow\">\n<div style=\"height:57px\" aria-hidden=\"true\" class=\"wp-block-spacer\"><\/div>\n<\/div>\n<\/div>\n\n\n\n<div class=\"wp-block-cover alignfull is-light\" style=\"min-height:196px;aspect-ratio:unset;\"><span aria-hidden=\"true\" class=\"wp-block-cover__background has-green-background-color has-background-dim-100 has-background-dim\"><\/span><div class=\"wp-block-cover__inner-container is-layout-flow wp-block-cover-is-layout-flow\">\n<h3 class=\"wp-block-heading has-text-align-center\" id=\"protokoll\">\u00c5rsm\u00f6tesprotokoll och \u00e5rsber\u00e4ttelser<\/h3>\n<\/div><\/div>\n\n\n\n<div style=\"height:50px\" aria-hidden=\"true\" class=\"wp-block-spacer\"><\/div>\n\n\n\n<div class=\"wp-block-columns is-layout-flex wp-container-core-columns-is-layout-9d6595d7 wp-block-columns-is-layout-flex\">\n<div class=\"wp-block-column is-layout-flow wp-block-column-is-layout-flow\">\n<ul class=\"wp-block-list\">\n<li><a href=\"https:\/\/sanktmanslyckan.se\/wp-content\/uploads\/2026\/02\/Extraarsmotesprotokoll-2025.pdf\">Extra\u00e5rsm\u00f6te 2025<\/a><\/li>\n\n\n\n<li><a href=\"https:\/\/sanktmanslyckan.se\/wp-content\/uploads\/2026\/02\/Arsmotesprotokoll-2025.pdf\">\u00c5rsm\u00f6te 2025<\/a><\/li>\n\n\n\n<li><a href=\"https:\/\/sanktmanslyckan.se\/wp-content\/uploads\/2025\/07\/Arsmotesprotokoll-2024med_andringar-1.pdf\">\u00c5rsm\u00f6te 2024<\/a><\/li>\n\n\n\n<li><a href=\"https:\/\/sanktmanslyckan.se\/wp-content\/uploads\/2023\/09\/A\u030arsmo\u0308tesprotokoll-2023.pdf\">\u00c5rsm\u00f6te 2023<\/a><\/li>\n\n\n\n<li><a href=\"https:\/\/sanktmanslyckan.se\/wp-content\/uploads\/2022\/07\/A\u030arsmo\u0308tesprotokoll-2022.pdf\">\u00c5rsm\u00f6te 2022<\/a><\/li>\n\n\n\n<li><a href=\"https:\/\/sanktmanslyckan.se\/wp-content\/uploads\/2022\/07\/A\u030arsmo\u0308tesprotokoll-2021.pdf\">\u00c5rsm\u00f6te 2021<\/a><\/li>\n\n\n\n<li><a href=\"\/wp-content\/uploads\/2021\/08\/Arsmotesprotokoll-2020.pdf\">\u00c5rsm\u00f6te 2020<\/a><\/li>\n\n\n\n<li><a href=\"\/wp-content\/uploads\/2021\/08\/Arsmotesprotokoll-2019.pdf\">\u00c5rsm\u00f6te 2019<\/a><\/li>\n\n\n\n<li><a href=\"\/wp-content\/uploads\/2021\/08\/Arsmotesprotokoll-St-Manslyckan-2018.pdf\">\u00c5rsm\u00f6te 2018<\/a><\/li>\n\n\n\n<li><a href=\"\/wp-content\/uploads\/2021\/08\/Arsmotesprotokoll-St-Manslyckan-2017.pdf\">\u00c5rsm\u00f6te 2017<\/a><\/li>\n\n\n\n<li><a href=\"\/wp-content\/uploads\/2021\/08\/Arsmotesprotokoll-St-Manslyckan-2016.pdf\">\u00c5rsm\u00f6te 2016<\/a><\/li>\n\n\n\n<li><a href=\"\/wp-content\/uploads\/2021\/08\/Arsmotesprotokoll-St-Manslyckan-2015.pdf\">\u00c5rsm\u00f6te 2015<\/a><\/li>\n\n\n\n<li><a href=\"\/wp-content\/uploads\/2021\/08\/Arsmotesprotokoll-St-Manslyckan-2014.pdf\">\u00c5rsm\u00f6te 2014<\/a><\/li>\n\n\n\n<li><a href=\"\/wp-content\/uploads\/2021\/08\/Arsmotesprotokoll-St-Manslyckan-2013.pdf\">\u00c5rsm\u00f6te 2013<\/a><\/li>\n<\/ul>\n<\/div>\n\n\n\n<div class=\"wp-block-column is-layout-flow wp-block-column-is-layout-flow\">\n<ul class=\"wp-block-list\">\n<li><a href=\"https:\/\/sanktmanslyckan.se\/wp-content\/uploads\/2026\/02\/Arsberattelse-St-Manslyckan-2024-2025.pdf\">\u00c5rsber\u00e4ttelse 2025<\/a><\/li>\n\n\n\n<li><a href=\"https:\/\/sanktmanslyckan.se\/wp-content\/uploads\/2024\/07\/A\u030arsbera\u0308ttelse-St-Ma\u030anslyckan-2023-2024.pdf\">\u00c5rsberr\u00e4ttelse 2024<\/a><\/li>\n\n\n\n<li><a href=\"https:\/\/sanktmanslyckan.se\/wp-content\/uploads\/2023\/07\/A\u030arsbera\u0308ttelse-St-Ma\u030anslyckan-2022-2023.pdf\">\u00c5rsberr\u00e4ttelse 2023<\/a><\/li>\n\n\n\n<li><a href=\"https:\/\/sanktmanslyckan.se\/wp-content\/uploads\/2023\/07\/A\u030arsbera\u0308ttelse-St-Ma\u030anslyckan-2022-2023.pdf\" data-type=\"link\" data-id=\"https:\/\/sanktmanslyckan.se\/wp-content\/uploads\/2023\/07\/A\u030arsbera\u0308ttelse-St-Ma\u030anslyckan-2022-2023.pdf\">\u00c5rsber\u00e4ttelse 2022<\/a><\/li>\n\n\n\n<li><a href=\"https:\/\/sanktmanslyckan.se\/wp-content\/uploads\/2022\/07\/Arsbera\u0308ttelse-St-Ma\u030anslyckan-2021-2022.pdf\">\u00c5rsber\u00e4ttelse 2021<\/a><\/li>\n\n\n\n<li>\u00c5rsber\u00e4ttelse 2020<\/li>\n\n\n\n<li><a href=\"\/wp-content\/uploads\/2021\/08\/Arsberattelse-St-Manslyckan-2019-2020.pdf\">\u00c5rsber\u00e4ttelse 2019<\/a><\/li>\n\n\n\n<li><a href=\"\/wp-content\/uploads\/2021\/08\/Arsberattelse-St-Manslyckan-2018-2019.pdf\">\u00c5rsber\u00e4ttelse 2018<\/a><\/li>\n\n\n\n<li><a href=\"\/wp-content\/uploads\/2021\/08\/Arsberattelse-St-Manslyckan-2017.pdf\">\u00c5rsber\u00e4ttelse 2017<\/a><\/li>\n\n\n\n<li><a href=\"\/wp-content\/uploads\/2021\/08\/Arsberattelse-St-Manslyckan-2016.pdf\">\u00c5rsber\u00e4ttelse 2016<\/a><\/li>\n\n\n\n<li><a href=\"\/wp-content\/uploads\/2021\/08\/Arsberattelse-St-Manslyckan-2015.pdf\">\u00c5rsber\u00e4ttelse 2015<\/a><\/li>\n\n\n\n<li><a href=\"\/wp-content\/uploads\/2021\/08\/Arsberattelse-St-Manslyckan-2014.pdf\">\u00c5rsber\u00e4ttelse 2014<\/a><\/li>\n\n\n\n<li><a href=\"\/wp-content\/uploads\/2021\/08\/Arsberattelse-St-Manslyckan-2013.pdf\">\u00c5rsber\u00e4ttelse 2013<\/a><\/li>\n<\/ul>\n<\/div>\n<\/div>\n\n\n\n<div style=\"height:50px\" aria-hidden=\"true\" class=\"wp-block-spacer\"><\/div>\n\n\n\n<div class=\"wp-block-cover alignfull is-light\" style=\"min-height:196px;aspect-ratio:unset;\"><span aria-hidden=\"true\" class=\"wp-block-cover__background has-green-background-color has-background-dim-100 has-background-dim\"><\/span><div class=\"wp-block-cover__inner-container is-layout-flow wp-block-cover-is-layout-flow\">\n<h3 class=\"wp-block-heading has-text-align-center\">Styrelsen<\/h3>\n<\/div><\/div>\n\n\n\n<div style=\"height:50px\" aria-hidden=\"true\" class=\"wp-block-spacer\"><\/div>\n\n\n\n<p><\/p>\n\n\n\n<div class=\"wp-block-media-text alignwide has-media-on-the-right is-stacked-on-mobile is-style-default\"><div class=\"wp-block-media-text__content\">\n<h4 class=\"wp-block-heading\">Ordf\u00f6rande<\/h4>\n\n\n\n<p><strong>Maria (Mia) Nilsson<\/strong><\/p>\n\n\n\n<h4 class=\"wp-block-heading\">Styrelseledam\u00f6ter<\/h4>\n\n\n\n<p><strong>Elisabet Frans\u00e9n<\/strong>, <em>kass\u00f6r<\/em><br \/><strong>Lasse Nilsson<\/strong>, <em>sekreterare<\/em><br \/><strong>Karin Bengtsson<\/strong>, <em>ledamot<\/em><br \/><strong>Arvid Gunnarsson<\/strong>, <em>ledamot<\/em><br \/><strong>Britta Anfast<\/strong>, <em>suppleant<\/em><br \/><strong>Maria Linder<\/strong>, <em>suppleant<\/em><br \/><strong>Marie Hoen<\/strong>, <em>suppleant<\/em><\/p>\n\n\n\n<p>Vill du komma i kontakt med styrelsen kan du maila till <a href=\"mailto:sanktmanslyckans-styrelse@googlegroups.com\">sanktmanslyckans-styrelse@googlegroups.com<\/a><\/p>\n<\/div><figure class=\"wp-block-media-text__media\"><img loading=\"lazy\" decoding=\"async\" width=\"1224\" height=\"1632\" src=\"https:\/\/sanktmanslyckan.se\/wp-content\/uploads\/2021\/08\/Cigarrkiosken.jpg\" alt=\"\" class=\"wp-image-120 size-full\"\/><\/figure><\/div>\n","protected":false},"excerpt":{"rendered":"<p>Kolonif\u00f6reningen S:t M\u00e5nslyckan best\u00e5r av 95 lotter (85 p\u00e5 cirka 120 kvadratmeter, samt 10 som har lite mer \u00e4n den dubbla arealen). Koloniomr\u00e5det har funnits sedan 1907 och \u00e4r bel\u00e4get n\u00e5gra hundra meter fr\u00e5n Lunds stadsk\u00e4rna, mellan Lunds Centralstation och Sparbanken Sk\u00e5ne Arena, med n\u00e4rhet till Stadsparken. Ett f\u00f6reningshus (Paviljongen), tv\u00e5 f\u00f6rr\u00e5dsbyggnader samt tv\u00e5 toaletter&hellip; <a class=\"more-link\" href=\"https:\/\/sanktmanslyckan.se\/?page_id=6\">Forts\u00e4tt l\u00e4sa <span class=\"screen-reader-text\">Om f\u00f6reningen<\/span><\/a><\/p>\n","protected":false},"author":2,"featured_media":0,"parent":0,"menu_order":0,"comment_status":"closed","ping_status":"closed","template":"","meta":{"footnotes":""},"class_list":["post-6","page","type-page","status-publish","hentry","entry"],"_links":{"self":[{"href":"https:\/\/sanktmanslyckan.se\/index.php?rest_route=\/wp\/v2\/pages\/6","targetHints":{"allow":["GET"]}}],"collection":[{"href":"https:\/\/sanktmanslyckan.se\/index.php?rest_route=\/wp\/v2\/pages"}],"about":[{"href":"https:\/\/sanktmanslyckan.se\/index.php?rest_route=\/wp\/v2\/types\/page"}],"author":[{"embeddable":true,"href":"https:\/\/sanktmanslyckan.se\/index.php?rest_route=\/wp\/v2\/users\/2"}],"replies":[{"embeddable":true,"href":"https:\/\/sanktmanslyckan.se\/index.php?rest_route=%2Fwp%2Fv2%2Fcomments&post=6"}],"version-history":[{"count":52,"href":"https:\/\/sanktmanslyckan.se\/index.php?rest_route=\/wp\/v2\/pages\/6\/revisions"}],"predecessor-version":[{"id":394,"href":"https:\/\/sanktmanslyckan.se\/index.php?rest_route=\/wp\/v2\/pages\/6\/revisions\/394"}],"wp:attachment":[{"href":"https:\/\/sanktmanslyckan.se\/index.php?rest_route=%2Fwp%2Fv2%2Fmedia&parent=6"}],"curies":[{"name":"wp","href":"https:\/\/api.w.org\/{rel}","templated":true}]}}